lculate the highest common factor of u and 106.
53
Suppose 0 = 5*h - 246 - 9. What is the highest common divisor of h and 34?
17
Let y be 34*(-2 - (-1 - 3)). Calculate the greatest common factor of y and 17.
17
Let m(b) = 4*b**2. Suppose -4*y + 3*t + 13 = -10, -3*y - 5*t - 19 = 0. Let h be m(y). Calculate the greatest common divisor of h and 64.
16
Let q(m) = -m**3 - 6*m**2 + 4*m + 7. Let u be q(-7). Calculate the greatest common factor of u and 4.
4
Let k be (-2 - 0)*16*-1. Let u = 106 + -58. What is the greatest common factor of k and u?
16
Let d(n) = -18*n**3 - n - 1. Let w(f) = -13 + 13 - 4*f**2 + 3*f**2. Let y be w(-1). Let l be d(y). What is the highest common divisor of l and 45?
9
Suppose 333 = 12*p - 3*p. What is the highest common factor of 74 and p?
37
Let j(g) = 4*g - 22. Let u be j(7). Calculate the greatest common factor of 84 and u.
6
Suppose 0 = -0*r + 2*r - 544. Let x be (3/2)/(12/r). What is the highest common factor of x and 51?
17
Let d(i) = -i**2 + 7*i - 4. Let c be d(6). Suppose -3*t = -2*t - 16. Let z = t + -6. Calculate the highest common divisor of z and c.
2
Let p be (33/(-6))/(-1 + (-3)/(-4)). Calculate the greatest common divisor of p and 55.
11
Let v be 70 - (2 + (-6)/2). Let d = 127 - v. Suppose 0 = -4*p - 0*p + 32. Calculate the greatest common divisor of d and p.
8
Let x = 25 + -15. Let m = x + -2. Calculate the greatest common divisor of m and 20.
4
Let s(p) = p**2 + p + 5. Let m be s(0). Suppose -m*v + 44 - 9 = 0. What is the highest common factor of v and 14?
7
Let k be (-2)/(-8) - 30/(-8). Suppose 2*m - 3*b - 68 = -11, k*b = -m + 12. Let p(x) = 5*x - 4. Let u be p(4). What is the highest common factor of m and u?
8
Let r be 17 - (1 + 0 - 0). What is the highest common divisor of r and 128?
16
Let r be ((-4)/3)/((-2)/6). Suppose 0 = -5*f + 59 + 91. Suppose -4*b = b - f. Calculate the greatest common divisor of r and b.
2
Let t be (6/(-4))/(6/(-16)). Suppose t*a - 13 - 23 = 0. What is the greatest common divisor of 72 and a?
9
Let u(t) = -4*t - 7. Let h be u(-4). Calculate the greatest common factor of h and 6.
3
Let p(l) = -l + 14. Let r be p(11). Suppose -5*u + 110 = -r*u. Calculate the highest common divisor of u and 11.
11
Let p be -2 - (-217 + (-2 - -1)). What is the highest common factor of 27 and p?
27
Let v(h) = -2*h**3 - 3*h**2 - h. Let m be v(-2). What is the highest common divisor of 48 and m?
6
Let l(r) = r**3 - 3*r**2 + r - 3. Let v be l(3). Suppose 2*d - 20 = 4*k, v*d + 37 = 5*d + 3*k. Calculate the greatest common divisor of d and 20.
4
Let j be 17/2 + (-2 - 15/(-6)). Calculate the greatest common factor of j and 81.
9
Let k(r) = -r**2 - 8*r - 7. Let x be k(-5). Calculate the greatest common divisor of x and 12.
4
Let u(d) = 31*d**2 - d + 1. Let v be u(1). Let c = v - -8. Suppose 0 = 12*a - 48 - 108. Calculate the greatest common divisor of c and a.
13
Let h(r) = -r**3 + 4*r**2 - 4*r + 3. Let k be h(3). Suppose k = 2*n - 6*n + 12. Suppose -2*z - n*z + 20 = 0. What is the greatest common divisor of z and 36?
4
Let b(g) = g**2 + 4*g. Let s be b(-4). Let p be s/((-3)/((-2)/2)). Suppose p*z + 3*z - 48 = 0. What is the greatest common divisor of z and 160?
16
Let v be -7 + 13 - (0 - -1). What is the greatest common divisor of v and 25?
5
Let h(y) = y. Let z be h(3). Let r be 2/(-6) - 19/(-3). Suppose -r*t - d = -z*t - 10, -t + 25 = -4*d. Calculate the greatest common divisor of t and 20.
5
Suppose 3*b - 8 = -b. Suppose -g + b*o = 2, -5*o = -g - 5 - 9. Suppose -3*x - 2*x = -15. Calculate the greatest common factor of x and g.
3
Let s(p) = -p - 3. Let u be s(-3). Let m(b) = b**3 + b + 27. Let v be m(u). What is the greatest common divisor of 3 and v?
3
Let w be (-7)/35 - (-368)/(-10). Let o = w + 72. Calculate the greatest common divisor of o and 14.
7
Suppose 3*g + 38 - 126 = -2*r, 5*r - 4*g = 174. What is the greatest common factor of r and 19?
19
Suppose -5*n - 30 = -6*n. What is the highest common divisor of n and 15?
15
Let l be (0 + 0 + -13)/(9/(-99)). Calculate the highest common factor of 13 and l.
13
Let z be (1*20 + -1)*2. Let p = -27 + z. What is the highest common factor of 44 and p?
11
Suppose 0 = 2*m - 2*u + 3*u - 44, -2*m + 3*u + 28 = 0. Let z = -5 - -19. Let h = m - z. What is the greatest common factor of h and 3?
3
Suppose -5*o = 4*f - 58, -o - 3*f = -3 - 13. Calculate the highest common factor of 10 and o.
10
Let h(r) = -r**3 + 8*r**2 + r + 12. Let w be h(6). What is the highest common factor of 20 and w?
10
Let w = -31 + 56. Calculate the highest common factor of 225 and w.
25
Suppose 0 = -j - 2 + 10. Let x(h) = -h**2 + 7*h + 11. Let f be x(j). Suppose 2*g - 12 = -0*g. What is the greatest common divisor of g and f?
3
Let w = -73 - -85. Calculate the greatest common divisor of w and 108.
12
Let n = -8 + 13. What is the highest common divisor of n and 5?
5
Let v(g) = -28*g + 71. Let w be v(-9). What is the highest common factor of w and 19?
19
Let b(d) = d**2 - 7*d - 4. Let o be b(11). Let t(l) = 5*l**2 - 2*l. Let p be t(2). Calculate the highest common factor of p and o.
8
Suppose 3 + 0 = 3*d. Let a(u) = 3*u**2 + u - 1. Let n be a(1). Calculate the highest common factor of n and d.
1
Let v be (-6)/(-4) + 1047/6. Calculate the greatest common divisor of 16 and v.
16
Suppose 4*h - 104 = -3*d + 36, -h + 35 = -4*d. What is the highest common factor of h and 5?
5
Suppose 5*c - d = 386, -4*c + 185 + 122 = d. Calculate the greatest common factor of 7 and c.
7
Suppose 2*o + 75 = 3*r - 3*o, 4*o = 0. Suppose r = l - 10. Let i = l - 22. What is the greatest common divisor of 117 and i?
13
Let n(i) = -15*i**3 - i**2 + i. Let h be n(1). Let p = 63 + h. Suppose b = 5*b - 24. Calculate the highest common divisor of p and b.
6
Let o(a) = -a**3 + a**2 - a - 21. Let n be o(0). Let i = -12 - n. Let f(k) = k + 72. Let g be f(0). What is the greatest common factor of i and g?
9
Let n(r) = -192*r**2 - 1. Let i be n(1). Let g = -88 - i. Calculate the greatest common divisor of 15 and g.
15
Let x(z) = -z**3 + 3*z**2 + 5*z - 2. Let b be x(4). Let a be 15 - 1/(-2)*b. What is the highest common factor of a and 4?
4
Let w(l) = -l**2 + 12*l - 13. Let r be w(9). Let j(u) = -2*u + 2. Let n be j(-6). Calculate the greatest common divisor of r and n.
14
Suppose 0 = 5*x - 258 - 1497. Calculate the greatest common factor of 39 and x.
39
Let w = 46 + -22. Calculate the highest common divisor of w and 60.
12
Let n(f) = -14*f + 20. Let q be n(-5). What is the highest common factor of q and 15?
15
Let s(g) = 5*g**2 + 4*g + 2. Let t be s(-2). Let z(i) = i**3 + 7*i**2 - 8*i. Let l be z(-7). Calculate the greatest common factor of t and l.
14
Let s be (-4)/12*0 - -3. Suppose -a - s*g + 28 = 0, 6*g - 2*g = 12. What is the greatest common factor of 133 and a?
19
Let t be (-11)/(-33) + 106/6. Let q = 80 + -44. Calculate the greatest common divisor of q and t.
18
Suppose -4 = a - 8. Let h(b) = 3*b + 28. Let r be h(0). What is the highest common divisor of a and r?
4
Suppose 3*l = -4*b + 51, 3*b + 2*l = 16 + 22. Let u = b - -4. What is the greatest common divisor of 16 and u?
16
Let d be ((-6)/(-9))/((-37)/39 - -1). Calculate the greatest common factor of 52 and d.
13
Suppose 0 = -4*n - 7989 + 3013. Let b be 4/(-6) + n/(-12). Let r = b + -70. Calculate the highest common factor of r and 22.
11
Suppose 0 = 4*i - 2 + 6. Let p be (-1)/(-2)*(i + 9). Calculate the highest common divisor of 1 and p.
1
Let o(s) = -3*s + 41. Let l be o(12). Calculate the highest common divisor of 45 and l.
5
Let k = 589 + -336. Suppose 6*m - 13*m = -161. What is the greatest common factor of m and k?
23
Let u be (25/10 + 5)*12/5. What is the highest common factor of u and 12?
6
Suppose 10*r - 3315 = 1635. Calculate the greatest common divisor of r and 45.
45
Suppose -3*z - 114 = 27. Let n = -12 - z. Calculate the highest common factor of n and 7.
7
Let s be (-13)/((-39)/132) - 2. Calculate the greatest common factor of s and 378.
42
Let b be (-5)/((-15)/9) - 2. Let g(o) = 10*o**2 - 1. Suppose -2*d - 22 = 5*u, 4 - 1 = d - u. Let x be g(d). What is the greatest common factor of x and b?
1
Suppose 4*f + 6 = 10. What is the greatest common factor of 11 and f?
1
Let l(c) = -3*c**3 - 3*c**2 + 3*c - 1. Let h be l(-3). Calculate the greatest common factor 